-2561?
2560
In base 15, what is -1e3 - -2?
-1e1
In base 11, what is -2 + 79?
77
In base 15, what is 2777 - 5?
2772
In base 13, what is b7 + -15?
a2
In base 14, what is 4 - 59?
-55
In base 3, what is 101222010 + -2?
101222001
In base 8, what is -7 + -3335?
-3344
In base 8, what is 3 - 2076?
-2073
In base 5, what is -3 + 2102?
2044
In base 15, what is 2db1 + -3?
2dad
In base 13, what is -7 + 36?
2c
In base 3, what is 11 - -2201010?
2201021
In base 7, what is -3340 + 6?
-3331
In base 12, what is 350 - 4?
348
In base 3, what is -2 - 1210?
-1212
In base 3, what is 11 - -11210?
11221
In base 15, what is 5 - -e?
14
In base 10, what is -1196 - -1?
-1195
In base 5, what is 11 + 20304?
20320
In base 16, what is 2 + -f?
-d
In base 6, what is -422 + -4?
-430
In base 10, what is 210 - 3?
207
In base 3, what is -12 - -2102212?
2102200
In base 13, what is 122 - -3?
125
In base 3, what is -10000000 + -10?
-10000010
In base 6, what is 2 + 1301?
1303
In base 9, what is -5 - 1534?
-1540
In base 3, what is 200 - 20?
110
In base 10, what is 14 + 323?
337
In base 9, what is -828 + 3?
-825
In base 13, what is 1 + 638?
639
In base 15, what is -68 + -1b?
-84
In base 11, what is -3 - 776?
-779
In base 5, what is 0 - 423?
-423
In base 14, what is a63 + -9?
a58
In base 15, what is -18 - 4?
-1c
In base 3, what is -22100 + 1002?
-21021
In base 2, what is 1100 + 10111?
100011
In base 3, what is 2 + -200?
-121
In base 3, what is 10 - 122212?
-122202
In base 15, what is 5b + -71?
-15
In base 2, what is -11010 - -1000?
-10010
In base 3, what is 10 + -20210?
-20200
In base 6, what is 4 - 2101?
-2053
In base 14, what is -3 + -6b?
-70
In base 11, what is 3 - -6a?
72
In base 11, what is -83 - 3?
-86
In base 9, what is -18 - 5?
-24
In base 9, what is -3007 - 0?
-3007
In base 5, what is 14 - 11?
3
In base 5, what is -12 - -324?
312
In base 13, what is 2 + 788?
78a
In base 9, what is 8 + -1674?
-1665
In base 4, what is 233 + 1?
300
In base 10, what is 381 + -20?
361
In base 13, what is 4 - -2135?
2139
In base 10, what is 10798 + -3?
10795
In base 2, what is -100 + 1000111010101?
1000111010001
In base 3, what is 10120 + -11112?
-222
In base 7, what is 4 - 114?
-110
In base 10, what is 3 - -11?
14
In base 7, what is 26631 - 2?
26626
In base 4, what is 0 - -1002?
1002
In base 13, what is -13 + 6?
-a
In base 3, what is 0 - 11222?
-11222
In base 8, what is 62 - 141?
-57
In base 2, what is 1110 - -10001100001?
10001101111
In base 4, what is -3222 - 3?
-3231
In base 7, what is 4 + -4466?
-4462
In base 6, what is 14 - 20354?
-20340
In base 5, what is -32204 - -1?
-32203
In base 13, what is -4 + 222?
21b
In base 13, what is 1 - 176?
-175
In base 2, what is -10011001100 - 0?
-10011001100
In base 16, what is -2 - 1?
-3
In base 14, what is -1b4 - 2?
-1b6
In base 2, what is -1011000 + 100?
-1010100
In base 13, what is 0 + -136?
-136
In base 16, what is 3e - d?
31
In base 10, what is -18 + -15?
-33
In base 7, what is -155 + 11?
-144
In base 10, what is 5 + 42?
47
In base 7, what is -601 + -2?
-603
In base 2, what is 100 + 10110?
11010
In base 14, what is 5 - -ba1?
ba6
In base 6, what is -2 - 1214?
-1220
In base 16, what is -18 - 1?
-19
In base 11, what is -1 + -a08?
-a09
In base 12, what is -4 + -380?
-384
In base 3, what is -1 - -2011201?
2011200
In base 13, what is -2a2 + 5?
-29a
In base 7, what is -3 + -3545?
-3551
In base 12, what is 21 + 4?
25
In base 2, what is -11011101 + 100?
-11011001
In base 14, what is -3 - -223?
220
In base 5, what is -2431 + 1?
-2430
In base 11, what is -4 + 149?
145
In base 9, what is 244 - 15?
228
In base 6, what is 30 + -1353?
-1323
In base 8, what is 657 - -1?
660
In base 4, what is 2001 - -2?
2003
In base 4, what is 12 - -33?
111
In base 14, what is 13 - 0?
13
In base 6, what is -1 + 32?
31
In base 9, what is 27 - -2?
30
In base 8, what is -3 - -241?
236
In base 4, what is -1300131 - -3?
-1300122
In base 13, what is c5 + -26?
9c
In base 3, what is 222100 + 1?
222101
In base 16, what is -5 + -de?
-e3
In base 7, what is 4 - -1161?
1165
In base 14, what is -10b3 + -2?
-10b5
In base 14, what is -34a2 - 2?
-34a4
In base 3, what is 1002110 + 0?
1002110
In base 11, what is -7 - 19?
-25
In base 6, what is -1 + 10322?
10321
In base 3, what is 11 + 0?
11
In base 6, what is 1 + -430?
-425
In base 6, what is 5 + -2030?
-2021
In base 8, what is -1 - 23?
-24
In base 6, what is 223314 - -5?
223323
In base 16, what is -3 + 3aa?
3a7
In base 4, what is 1303 + -2?
1301
In base 11, what is 961 - 4?
958
In base 8, what is 101 - 0?
101
In base 3, what is -11 + 10202?
10121
In base 13, what is -34 - 4?
-38
In base 3, what is 12 - 2122?
-2110
In base 7, what is 5144 + 2?
5146
In base 5, what is -104 - 10?
-114
In base 5, what is -112 + 401?
234
In base 14, what is 2 - 584?
-582
In base 15, what is -2e4 - 2?
-2e6
In base 7, what is 21 - 202?
-151
In base 14, what is -59 - 113?
-16c
In base 7, what is -442 - 60?
-532
In base 7, what is -2666 - 2?
-3001
In base 7, what is -3 - -1410?
1404
In base 7, what is 3041 + 4?
3045
In base 9, what is -81 + 54?
-26
In base 8, what is 13772 + 4?
13776
In base 13, what is -12ac + -10?
-12bc
In base 2, what is 1110101 + 11111?
10010100
In base 14, what is 5 + -3da?
-3d5
In base 9, what is -4 + -12?
-16
In base 5, what is 33 + -114?
-31
In base 5, what is 2122 - 31?
2041
In base 4, what is -2200 + 21?
-2113
In base 5, what is 31 - -3?
34
In base 12, what is 5 + 1331?
1336
In base 2, what is -1010100101 - -11101?
-1010001000
In base 9, what is 7 - -785?
803
In base 5, what is -3 - -4400?
4342
In base 2, what is -110111111100110 + 0?
-110111111100110
In base 6, what is 313 + -3?
310
In base 2, what is -10111001 - -1100?
-10101101
In base 3, what is -1222 - 110?
-2102
In base 6, what is 1 - -14321?
14322
In base 16, what is -c - -23?
17
In base 16, what is -10151 - 0?
-10151
In base 12, what is -52 + 5?
-49
In base 8, what is 173 - -3?
176
In base 14, what is -3 + -a0?
-a3
In base 8, what is 16170 - -2?
16172
In base 9, what is 116 - -84?
211
In base 10, what is 2849 - -1?
2850
In base 14, what is 4 + 76?
7a
In base 11, what is -1680 - -5?
-1676
In base 6, what is 0 + 111?
111
In base 16, what is 5 - 4a?
-45
In base 16, what is 399 + 17?
3b0
In base 10, what is 2065 + 12?
2077
In base 10, what is -43 + -66?
-109
In base 6, what is 0 + -12552?
-12552
In base 11, what is -27 - 7?
-33
In base 5, what is -3 + -1233?
-1241
In base 8, what is 65 - -15?
102
In base 12, what is 108 - -1?
109
In base 11, what is 2 + -65?
-63
In base 5, what is -22 + 3?
-14
In base 6, what is 1 + 1012?
1013
In base 14, what is d + 122?
131
In base 7, what is 53130 - -3?
53133
In base 11, what is -114 - -2?
-112
In base 15, what is 5 + 6e?
74
In base 12, what is -17 + -22?
-39
In base 11, what is 3 + 34?
37
In base 12, what is -4 - 284?
-288
In base 10, what is 504 - 5?
499
In base 7, what is -10336 + 5?
-10331
In base 6, what is 4 - 11?
-3
In base 8, what is 2 - 160?
-156
In base 12, what is -2 + -73?
-75
In base 2, what is -11010110100 + 101?
-11010101111
In base 5, what is 1 - -1001?
1002
In base 6, what is -3 - -144?
141
In base 15, what is 0 + -15?
-15
In base 10, what is -4 + 73?
69
In base 10, what is -5 + -123?
-128
In base 15, what is -424 - -5?
-41e
In base 4, what is -230 - -1?
-223
In base 8, what is -2067 + 5?
-2062
In base 11, what is -a + -7a?
-89
In base 3, what is -1 - -202?
201
In base 7, what is 106 - 42?
34
In base 15, what is 21a + -1?
219
In base 2, what is 1 - 110011010?
-110011001
In base 3, what is 1202 + -10?
1122
In base 12, what is 218 - -5?
221
In base 9, what is -500 - 12?
-512
In base 7, what is 332 + 5?
340
In base 9, what is -6 + -724?
-731
In base 8, what is 115 - 52?
43
In base 9, what is -20307 - 1?
-20308
In base 3, what is 1 - -1212?
1220
In base 2, what is -10 - -100111101?
100111011
In base 12, what is 131 + 1?
132
In base 11, what is 1680 - 4?
1677
In base 12, what is 2 + 13?
15
In base 14, what is -32 + -6?
-38
In base 16, what is 5 - -9?
e
In base 6, what is 1413 - -1?
1414
In base 14, what is -11a5 - 2?
-11a7
In base 15, what is 88 - -105?
18d
In base 3, what is 1 - -10221002?
10221010
In base 12, what is 0 + 16?
16
In base 10, what is -9 + -257?
-266
In base 15, what is 10e + -3?
10b
In base 14, what is 0 + 7c?
7c
In base 12, what is 0